{"id":496,"date":"2024-07-26T13:26:17","date_gmt":"2024-07-26T13:26:17","guid":{"rendered":"https:\/\/tierphysio-vogel.de\/?page_id=496"},"modified":"2026-02-17T16:08:07","modified_gmt":"2026-02-17T16:08:07","slug":"seminare","status":"publish","type":"page","link":"https:\/\/tierphysio-vogel.de\/?page_id=496","title":{"rendered":"Seminare"},"content":{"rendered":"\n<p>Online Kurse f\u00fcr Tierbesitzer:<\/p>\n\n\n\n<div class=\"wp-block-columns is-layout-flex wp-container-core-columns-is-layout-9d6595d7 wp-block-columns-is-layout-flex\">\n<div class=\"wp-block-column is-layout-flow wp-block-column-is-layout-flow\" style=\"flex-basis:100%\">\n<div class=\"wp-block-media-text is-stacked-on-mobile\"><figure class=\"wp-block-media-text__media\"><img loading=\"lazy\" decoding=\"async\" width=\"1024\" height=\"512\" src=\"https:\/\/tierphysio-vogel.de\/wp-content\/uploads\/2026\/02\/WhatsApp-Image-2025-10-18-at-12.51.05-1024x512.jpeg\" alt=\"\" class=\"wp-image-594 size-full\" srcset=\"https:\/\/tierphysio-vogel.de\/wp-content\/uploads\/2026\/02\/WhatsApp-Image-2025-10-18-at-12.51.05-1024x512.jpeg 1024w, https:\/\/tierphysio-vogel.de\/wp-content\/uploads\/2026\/02\/WhatsApp-Image-2025-10-18-at-12.51.05-300x150.jpeg 300w, https:\/\/tierphysio-vogel.de\/wp-content\/uploads\/2026\/02\/WhatsApp-Image-2025-10-18-at-12.51.05-768x384.jpeg 768w, https:\/\/tierphysio-vogel.de\/wp-content\/uploads\/2026\/02\/WhatsApp-Image-2025-10-18-at-12.51.05-1536x768.jpeg 1536w, https:\/\/tierphysio-vogel.de\/wp-content\/uploads\/2026\/02\/WhatsApp-Image-2025-10-18-at-12.51.05.jpeg 1599w\" sizes=\"auto, (max-width: 767px) 89vw, (max-width: 1000px) 54vw, (max-width: 1071px) 543px, 580px\" \/><\/figure><div class=\"wp-block-media-text__content\">\n<blockquote class=\"wp-block-quote is-layout-flow wp-block-quote-is-layout-flow\">\n<p>&#8222;Gezielte Massage f\u00f6rdert Wohlbefinden, Beweglichkeit und Vertrauen!&#8220;<\/p>\n<\/blockquote>\n<\/div><\/div>\n\n\n\n<div class=\"wp-block-media-text is-stacked-on-mobile\"><figure class=\"wp-block-media-text__media\"><img loading=\"lazy\" decoding=\"async\" width=\"899\" height=\"768\" src=\"https:\/\/tierphysio-vogel.de\/wp-content\/uploads\/2026\/02\/Rueckenschmerzen-beim-Hund2-1.png\" alt=\"\" class=\"wp-image-598 size-full\" srcset=\"https:\/\/tierphysio-vogel.de\/wp-content\/uploads\/2026\/02\/Rueckenschmerzen-beim-Hund2-1.png 899w, https:\/\/tierphysio-vogel.de\/wp-content\/uploads\/2026\/02\/Rueckenschmerzen-beim-Hund2-1-300x256.png 300w, https:\/\/tierphysio-vogel.de\/wp-content\/uploads\/2026\/02\/Rueckenschmerzen-beim-Hund2-1-768x656.png 768w\" sizes=\"auto, (max-width: 767px) 89vw, (max-width: 1000px) 54vw, (max-width: 1071px) 543px, 580px\" \/><\/figure><div class=\"wp-block-media-text__content\">\n<blockquote class=\"wp-block-quote is-layout-flow wp-block-quote-is-layout-flow\">\n<p>&#8222;Sehr viele Hunde leiden in Ihrem Leben an R\u00fcckenschmerzen, egal ob kurzfristig oder auf dauer- das solltest du dazu wissen!&#8220;<\/p>\n<\/blockquote>\n<\/div><\/div>\n\n\n\n<div class=\"wp-block-buttons is-content-justification-center is-layout-flex wp-container-core-buttons-is-layout-8057eaf3 wp-block-buttons-is-layout-flex\">\n<div class=\"wp-block-button\"><a class=\"wp-block-button__link wp-element-button\" href=\"https:\/\/myablefy.com\/s\/tiertherapievogel-seminare\">zur Anmeldung<\/a><\/div>\n<\/div>\n<\/div>\n<\/div>\n\n\n\n<p>Bei Fragen melde dich gerne unter <\/p>\n\n\n\n<p>ttv.seminare@aol.com oder unter 0172\/7132919 <\/p>\n\n\n\n<p><\/p>\n\n\n\n<p>Deine Franzi!<\/p>\n\n\n\n<p><\/p>\n","protected":false},"excerpt":{"rendered":"<p>Online Kurse f\u00fcr Tierbesitzer: &#8222;Gezielte Massage f\u00f6rdert Wohlbefinden, Beweglichkeit und Vertrauen!&#8220; &#8222;Sehr viele Hunde leiden in Ihrem Leben an R\u00fcckenschmerzen, egal ob kurzfristig oder auf dauer- das solltest du dazu wissen!&#8220; Bei Fragen melde dich gerne unter ttv.seminare@aol.com oder unter 0172\/7132919 Deine Franzi!<\/p>\n","protected":false},"author":1,"featured_media":0,"parent":0,"menu_order":0,"comment_status":"closed","ping_status":"closed","template":"","meta":{"_acf_changed":false,"_exactmetrics_skip_tracking":false,"_exactmetrics_sitenote_active":false,"_exactmetrics_sitenote_note":"","_exactmetrics_sitenote_category":0,"_monsterinsights_skip_tracking":false,"_monsterinsights_sitenote_active":false,"_monsterinsights_sitenote_note":"","_monsterinsights_sitenote_category":0,"footnotes":""},"class_list":["post-496","page","type-page","status-publish","hentry"],"acf":[],"yoast_head":"<!-- This site is optimized with the Yoast SEO plugin v24.9 - https:\/\/yoast.com\/wordpress\/plugins\/seo\/ -->\n<title>Seminare - Tiertherapie am Schliersee<\/title>\n<meta name=\"robots\" content=\"index, follow, max-snippet:-1, max-image-preview:large, max-video-preview:-1\" \/>\n<link rel=\"canonical\" href=\"https:\/\/tierphysio-vogel.de\/?page_id=496\" \/>\n<meta property=\"og:locale\" content=\"de_DE\" \/>\n<meta property=\"og:type\" content=\"article\" \/>\n<meta property=\"og:title\" content=\"Seminare - Tiertherapie am Schliersee\" \/>\n<meta property=\"og:description\" content=\"Online Kurse f\u00fcr Tierbesitzer: &#8222;Gezielte Massage f\u00f6rdert Wohlbefinden, Beweglichkeit und Vertrauen!&#8220; &#8222;Sehr viele Hunde leiden in Ihrem Leben an R\u00fcckenschmerzen, egal ob kurzfristig oder auf dauer- das solltest du dazu wissen!&#8220; Bei Fragen melde dich gerne unter ttv.seminare@aol.com oder unter 0172\/7132919 Deine Franzi!\" \/>\n<meta property=\"og:url\" content=\"https:\/\/tierphysio-vogel.de\/?page_id=496\" \/>\n<meta property=\"og:site_name\" content=\"Tiertherapie am Schliersee\" \/>\n<meta property=\"article:modified_time\" content=\"2026-02-17T16:08:07+00:00\" \/>\n<meta property=\"og:image\" content=\"https:\/\/tierphysio-vogel.de\/wp-content\/uploads\/2026\/02\/WhatsApp-Image-2025-10-18-at-12.51.05.jpeg\" \/>\n\t<meta property=\"og:image:width\" content=\"1599\" \/>\n\t<meta property=\"og:image:height\" content=\"799\" \/>\n\t<meta property=\"og:image:type\" content=\"image\/jpeg\" \/>\n<meta name=\"twitter:card\" content=\"summary_large_image\" \/>\n<meta name=\"twitter:label1\" content=\"Gesch\u00e4tzte Lesezeit\" \/>\n\t<meta name=\"twitter:data1\" content=\"1\u00a0Minute\" \/>\n<script type=\"application\/ld+json\" class=\"yoast-schema-graph\">{\"@context\":\"https:\/\/schema.org\",\"@graph\":[{\"@type\":\"WebPage\",\"@id\":\"https:\/\/tierphysio-vogel.de\/?page_id=496\",\"url\":\"https:\/\/tierphysio-vogel.de\/?page_id=496\",\"name\":\"Seminare - Tiertherapie am Schliersee\",\"isPartOf\":{\"@id\":\"https:\/\/tierphysio-vogel.de\/#website\"},\"primaryImageOfPage\":{\"@id\":\"https:\/\/tierphysio-vogel.de\/?page_id=496#primaryimage\"},\"image\":{\"@id\":\"https:\/\/tierphysio-vogel.de\/?page_id=496#primaryimage\"},\"thumbnailUrl\":\"https:\/\/tierphysio-vogel.de\/wp-content\/uploads\/2026\/02\/WhatsApp-Image-2025-10-18-at-12.51.05-1024x512.jpeg\",\"datePublished\":\"2024-07-26T13:26:17+00:00\",\"dateModified\":\"2026-02-17T16:08:07+00:00\",\"breadcrumb\":{\"@id\":\"https:\/\/tierphysio-vogel.de\/?page_id=496#breadcrumb\"},\"inLanguage\":\"de\",\"potentialAction\":[{\"@type\":\"ReadAction\",\"target\":[\"https:\/\/tierphysio-vogel.de\/?page_id=496\"]}]},{\"@type\":\"ImageObject\",\"inLanguage\":\"de\",\"@id\":\"https:\/\/tierphysio-vogel.de\/?page_id=496#primaryimage\",\"url\":\"https:\/\/tierphysio-vogel.de\/wp-content\/uploads\/2026\/02\/WhatsApp-Image-2025-10-18-at-12.51.05.jpeg\",\"contentUrl\":\"https:\/\/tierphysio-vogel.de\/wp-content\/uploads\/2026\/02\/WhatsApp-Image-2025-10-18-at-12.51.05.jpeg\",\"width\":1599,\"height\":799},{\"@type\":\"BreadcrumbList\",\"@id\":\"https:\/\/tierphysio-vogel.de\/?page_id=496#breadcrumb\",\"itemListElement\":[{\"@type\":\"ListItem\",\"position\":1,\"name\":\"Startseite\",\"item\":\"https:\/\/tierphysio-vogel.de\/\"},{\"@type\":\"ListItem\",\"position\":2,\"name\":\"Seminare\"}]},{\"@type\":\"WebSite\",\"@id\":\"https:\/\/tierphysio-vogel.de\/#website\",\"url\":\"https:\/\/tierphysio-vogel.de\/\",\"name\":\"Tierphysio-Vogel\",\"description\":\"Tiertherapie spezialisiert auf Schmerztherapie \",\"potentialAction\":[{\"@type\":\"SearchAction\",\"target\":{\"@type\":\"EntryPoint\",\"urlTemplate\":\"https:\/\/tierphysio-vogel.de\/?s={search_term_string}\"},\"query-input\":{\"@type\":\"PropertyValueSpecification\",\"valueRequired\":true,\"valueName\":\"search_term_string\"}}],\"inLanguage\":\"de\"}]}<\/script>\n<!-- \/ Yoast SEO plugin. -->","yoast_head_json":{"title":"Seminare - Tiertherapie am Schliersee","robots":{"index":"index","follow":"follow","max-snippet":"max-snippet:-1","max-image-preview":"max-image-preview:large","max-video-preview":"max-video-preview:-1"},"canonical":"https:\/\/tierphysio-vogel.de\/?page_id=496","og_locale":"de_DE","og_type":"article","og_title":"Seminare - Tiertherapie am Schliersee","og_description":"Online Kurse f\u00fcr Tierbesitzer: &#8222;Gezielte Massage f\u00f6rdert Wohlbefinden, Beweglichkeit und Vertrauen!&#8220; &#8222;Sehr viele Hunde leiden in Ihrem Leben an R\u00fcckenschmerzen, egal ob kurzfristig oder auf dauer- das solltest du dazu wissen!&#8220; Bei Fragen melde dich gerne unter ttv.seminare@aol.com oder unter 0172\/7132919 Deine Franzi!","og_url":"https:\/\/tierphysio-vogel.de\/?page_id=496","og_site_name":"Tiertherapie am Schliersee","article_modified_time":"2026-02-17T16:08:07+00:00","og_image":[{"width":1599,"height":799,"url":"https:\/\/tierphysio-vogel.de\/wp-content\/uploads\/2026\/02\/WhatsApp-Image-2025-10-18-at-12.51.05.jpeg","type":"image\/jpeg"}],"twitter_card":"summary_large_image","twitter_misc":{"Gesch\u00e4tzte Lesezeit":"1\u00a0Minute"},"schema":{"@context":"https:\/\/schema.org","@graph":[{"@type":"WebPage","@id":"https:\/\/tierphysio-vogel.de\/?page_id=496","url":"https:\/\/tierphysio-vogel.de\/?page_id=496","name":"Seminare - Tiertherapie am Schliersee","isPartOf":{"@id":"https:\/\/tierphysio-vogel.de\/#website"},"primaryImageOfPage":{"@id":"https:\/\/tierphysio-vogel.de\/?page_id=496#primaryimage"},"image":{"@id":"https:\/\/tierphysio-vogel.de\/?page_id=496#primaryimage"},"thumbnailUrl":"https:\/\/tierphysio-vogel.de\/wp-content\/uploads\/2026\/02\/WhatsApp-Image-2025-10-18-at-12.51.05-1024x512.jpeg","datePublished":"2024-07-26T13:26:17+00:00","dateModified":"2026-02-17T16:08:07+00:00","breadcrumb":{"@id":"https:\/\/tierphysio-vogel.de\/?page_id=496#breadcrumb"},"inLanguage":"de","potentialAction":[{"@type":"ReadAction","target":["https:\/\/tierphysio-vogel.de\/?page_id=496"]}]},{"@type":"ImageObject","inLanguage":"de","@id":"https:\/\/tierphysio-vogel.de\/?page_id=496#primaryimage","url":"https:\/\/tierphysio-vogel.de\/wp-content\/uploads\/2026\/02\/WhatsApp-Image-2025-10-18-at-12.51.05.jpeg","contentUrl":"https:\/\/tierphysio-vogel.de\/wp-content\/uploads\/2026\/02\/WhatsApp-Image-2025-10-18-at-12.51.05.jpeg","width":1599,"height":799},{"@type":"BreadcrumbList","@id":"https:\/\/tierphysio-vogel.de\/?page_id=496#breadcrumb","itemListElement":[{"@type":"ListItem","position":1,"name":"Startseite","item":"https:\/\/tierphysio-vogel.de\/"},{"@type":"ListItem","position":2,"name":"Seminare"}]},{"@type":"WebSite","@id":"https:\/\/tierphysio-vogel.de\/#website","url":"https:\/\/tierphysio-vogel.de\/","name":"Tierphysio-Vogel","description":"Tiertherapie spezialisiert auf Schmerztherapie ","potentialAction":[{"@type":"SearchAction","target":{"@type":"EntryPoint","urlTemplate":"https:\/\/tierphysio-vogel.de\/?s={search_term_string}"},"query-input":{"@type":"PropertyValueSpecification","valueRequired":true,"valueName":"search_term_string"}}],"inLanguage":"de"}]}},"_links":{"self":[{"href":"https:\/\/tierphysio-vogel.de\/index.php?rest_route=\/wp\/v2\/pages\/496","targetHints":{"allow":["GET"]}}],"collection":[{"href":"https:\/\/tierphysio-vogel.de\/index.php?rest_route=\/wp\/v2\/pages"}],"about":[{"href":"https:\/\/tierphysio-vogel.de\/index.php?rest_route=\/wp\/v2\/types\/page"}],"author":[{"embeddable":true,"href":"https:\/\/tierphysio-vogel.de\/index.php?rest_route=\/wp\/v2\/users\/1"}],"replies":[{"embeddable":true,"href":"https:\/\/tierphysio-vogel.de\/index.php?rest_route=%2Fwp%2Fv2%2Fcomments&post=496"}],"version-history":[{"count":6,"href":"https:\/\/tierphysio-vogel.de\/index.php?rest_route=\/wp\/v2\/pages\/496\/revisions"}],"predecessor-version":[{"id":599,"href":"https:\/\/tierphysio-vogel.de\/index.php?rest_route=\/wp\/v2\/pages\/496\/revisions\/599"}],"wp:attachment":[{"href":"https:\/\/tierphysio-vogel.de\/index.php?rest_route=%2Fwp%2Fv2%2Fmedia&parent=496"}],"curies":[{"name":"wp","href":"https:\/\/api.w.org\/{rel}","templated":true}]}}